What is the hundreds digit of 5384417819?
8
What is the ten millions digit of 70403155?
7
What is the millions digit of 750234183?
0
What is the millions digit of 1190336103?
0
What is the ten thousands digit of 1139585?
3
What is the billions digit of 4553515509?
4
What is the tens digit of 49940741?
4
What is the thousands digit of 552038521?
8
What is the tens digit of 76362124?
2
What is the millions digit of 1317845893?
7
What is the hundreds digit of 835780517?
5
What is the millions digit of 49836129?
9
What is the hundreds digit of 91600846?
8
What is the tens digit of 182445642?
4
What is the hundred millions digit of 230729194?
2
What is the hundred thousands digit of 83805515?
8
What is the thousands digit of 53005905?
5
What is the millions digit of 632697575?
2
What is the units digit of 295450581?
1
What is the ten millions digit of 337182937?
3
What is the hundred thousands digit of 27629407?
6
What is the units digit of 37525864?
4
What is the hundred millions digit of 986529278?
9
What is the ten millions digit of 43604868?
4
What is the hundred thousands digit of 50438625?
4
What is the thousands digit of 495443946?
3
What is the tens digit of 91005103?
0
What is the tens digit of 904901506?
0
What is the ten millions digit of 100007432?
0
What is the hundreds digit of 562338233?
2
What is the hundred thousands digit of 22679164?
6
What is the millions digit of 49130097?
9
What is the millions digit of 2056213676?
6
What is the ten thousands digit of 374037215?
3
What is the tens digit of 148458939?
3
What is the ten thousands digit of 900676261?
7
What is the hundreds digit of 84153036?
0
What is the ten thousands digit of 3042896787?
9
What is the ten millions digit of 164633449?
6
What is the thousands digit of 92131755?
1
What is the millions digit of 137624207?
7
What is the hundred thousands digit of 6043947307?
9
What is the ten thousands digit of 9577204?
7
What is the ten thousands digit of 719109560?
0
What is the millions digit of 74281915?
4
What is the billions digit of 1156991876?
1
What is the millions digit of 340691094?
0
What is the ten millions digit of 28917010?
2
What is the units digit of 2466274419?
9
What is the hundred thousands digit of 1562720437?
7
What is the units digit of 34505318?
8
What is the hundred thousands digit of 96976981?
9
What is the units digit of 583175023?
3
What is the ten millions digit of 460168648?
6
What is the ten thousands digit of 57151937?
5
What is the thousands digit of 266823482?
3
What is the thousands digit of 259932121?
2
What is the hundred millions digit of 1821827755?
8
What is the hundreds digit of 15869315?
3
What is the thousands digit of 36111102?
1
What is the units digit of 66869579?
9
What is the ten millions digit of 47497206?
4
What is the thousands digit of 39287086?
7
What is the tens digit of 326300044?
4
What is the billions digit of 3416782234?
3
What is the thousands digit of 198903589?
3
What is the units digit of 604262337?
7
What is the millions digit of 20429391?
0
What is the thousands digit of 55004946?
4
What is the ten millions digit of 64563691?
6
What is the hundred millions digit of 1208857110?
2
What is the millions digit of 116769567?
6
What is the ten millions digit of 2177755400?
7
What is the hundred thousands digit of 24851504?
8
What is the hundreds digit of 1520477815?
8
What is the thousands digit of 1673572884?
2
What is the hundreds digit of 1150165606?
6
What is the thousands digit of 67340172?
0
What is the millions digit of 221491843?
1
What is the tens digit of 1719706100?
0
What is the ten millions digit of 3177748142?
7
What is the hundreds digit of 3388823447?
4
What is the hundred millions digit of 120614620?
1
What is the units digit of 9439330?
0
What is the tens digit of 184369537?
3
What is the hundred millions digit of 166301123?
1
What is the billions digit of 1134896018?
1
What is the hundred thousands digit of 21168502?
1
What is the ten millions digit of 175882832?
7
What is the hundreds digit of 229851207?
2
What is the hundred millions digit of 313188991?
3
What is the billions digit of 6473177859?
6
What is the ten thousands digit of 2070610799?
1
What is the hundred millions digit of 448907014?
4
What is the hundreds digit of 95953341?
3
What is the millions digit of 58848642?
8
What is the hundred thousands digit of 2061520038?
5
What is the tens digit of 26186587?
8
What is the ten thousands digit of 157567894?
6
What is the units digit of 14990573?
3
What is the hundred millions digit of 434493129?
4
What is the tens digit of 116946303?
0
What is the hundreds digit of 3336252145?
1
What is the tens digit of 357571746?
4
What is the thousands digit of 45112904?
2
What is the hundred millions digit of 564075910?
5
What is the tens digit of 286443653?
5
What is the hundred millions digit of 3460077227?
4
What is the ten thousands digit of 116947927?
4
What is the thousands digit of 1743043033?
3
What is the ten thousands digit of 383730496?
3
What is the hundreds digit of 1106715343?
3
What is the units digit of 3334209255?
5
What is the units digit of 5109757642?
2
What is the hundred millions digit of 1264469824?
2
What is the tens digit of 1390085006?
0
What is the ten millions digit of 1375806791?
7
What is the hundreds digit of 31926374?
3
What is the hundred thousands digit of 49059207?
0
What is the ten thousands digit of 20335487?
3
What is the hundred millions digit of 3829843121?
8
What is the thousands digit of 237345570?
5
What is the ten thousands digit of 39482898?
8
What is the tens digit of 5856720723?
2
What is the hundreds digit of 1135941041?
0
What is the hundred millions digit of 204414179?
2
What is the hundreds digit of 131310301?
3
What is the ten millions digit of 8316172522?
1
What is the thousands digit of 91550518?
0
What is the hundred thousands digit of 897464624?
4
What is the billions digit of 5438421825?
5
What is the ten millions digit of 17880889?
1
What is the hundreds digit of 737874227?
2
What is the tens digit of 4845545?
4
What is the tens digit of 36805756?
5
What is the hundreds digit of 13588928?
9
What is the ten thousands digit of 412833459?
3
What is the ten thousands digit of 665962824?
6
What is the hundred millions digit of 1614407954?
6
What is the millions digit of 467335716?
7
What is the ten millions digit of 5812597271?
1
What is the billions digit of 3046678632?
3
What is the hundred millions digit of 343964535?
3
What is the thousands digit of 1049416609?
6
What is the tens digit of 2525617034?
3
What is the thousands digit of 53949901?
9
What is the millions digit of 1800059736?
0
What is the millions digit of 192005148?
2
What is the ten millions digit of 761510466?
6
What is the ten millions digit of 157335859?
5
What is the tens digit of 870144970?
7
What is the tens digit of 93964738?
3
What is the ten thousands digit of 118894644?
9
What is the tens digit of 841305477?
7
What is the hundred millions digit of 787902944?
7
What is the hundred thousands digit of 72819308?
8
What is the hundreds digit of 12919387?
3
What is the millions digit of 137708015?
7
What is the hundreds digit of 63294215?
2
What is the hundreds digit of 1012768664?
6
What is the thousands digit of 140380668?
0
What is the millions digit of 38415320?
8
What is the hundred millions digit of 381402141?
3
What is the ten thousands digit of 5683223202?
2
What is the thousands digit of 70845015?
5
What is the ten thousands digit of 116690717?
9
What is the tens digit of 2855594378?
7
What is the hundreds digit of 364886824?
8
What is the hundred thousands digit of 1440045157?
0
What is the thousands digit of 52812688?
2
What is the millions digit of 90050466?
0
What is the hundreds digit of 1511630920?
9
What is the hundred thousands digit of 26432296?
4
What is the hundred millions digit of 865103472?
8
What is the thousands digit of 19425318?
5
What is the ten millions digit of 127604406?
2
What is the thousands digit of 1619338?
9
What is the thousands digit of 961896732?
6
What is the units digit of 3665015322?
2
What is the thousands digit of 518168107?
8
What is the units digit of 6089123177?
7
What is the ten thousands digit of 576037796?
3
What is the hundreds digit 